
17
Suppose -38 = -2*d + 6. Let p = -18 + d. Suppose 2*c + 2 = -0*c, -f + 21 = -p*c. Calculate the remainder when 33 is divided by f.
16
Let u(x) = -x - 2 + 5*x - 2*x + 3*x. Suppose 0 = -4*f + 99 + 97. What is the remainder when f is divided by u(3)?
10
Let w(u) = -u**3 - 4. Let b be w(0). Let y = 8 + b. Calculate the remainder when 5 is divided by y.
1
Let k(m) = -9*m - 28. Suppose -4*u + q = -2*u - 29, -q - 14 = -u. What is the remainder when k(-8) is divided by u?
14
Suppose 12*t - 285 = 9*t. Suppose 9*h - 905 = -t. Suppose -152 + 59 = -3*v. What is the remainder when h is divided by v?
28
Suppose -4*x = -3*i - 21 + 121, -195 = -5*i + x. Let l = i - 21. Calculate the remainder when 224/3 - 8/12 is divided by l.
17
Let l(k) = 2*k**2 - 20*k + 5. Let s be l(10). Suppose 5*b - 7*b = -4*t - 42, s*b = 2*t + 73. Calculate the remainder when 27 is divided by b.
1
Calculate the remainder when 31 is divided by 14/(42/27) - (-5 + 1).
5
Let u(r) = r + 11. Let z = 33 - 30. What is the remainder when 24 is divided by u(z)?
10
Let p(t) = -t + 19. Let k = -12 + 22. Calculate the remainder when 32 is divided by p(k).
5
Let l be (1/3)/(7/567). Suppose 6*b = 3*b + l. Calculate the remainder when 28 is divided by (-1 - 14)*b/(-9).
13
Let t(c) = 3 + 0 - 1 + c. Let g be t(5). Suppose g*a - 2*a - 120 = 0. Calculate the remainder when 70 is divided by a.
22
Let p(n) = -n**3 + 9*n**2 - 10*n + 26. Calculate the remainder when p(7) is divided by 16.
6
Suppose 2*m = 4*s + 79 - 15, -5*m + 195 = -3*s. What is the remainder when 92 is divided by m?
8
Let b = 498 - 460. Let q(d) = 3*d - 4. Calculate the remainder when b is divided by q(8).
18
Let g(h) = h**2 - 27*h - 73. What is the remainder when 99 is divided by g(30)?
14
Let y(k) = -4*k + 11. Let i(r) = r - 21. Let t be i(18). What is the remainder when 2/(-3) + 272/3 is divided by y(t)?
21
Let q = -70 - -166. Calculate the remainder when q is divided by (-2)/7 - (-699)/21.
30
Suppose -5*p + 23 = r, -5*r + 5*p - 4 = 1. Let a(y) = 6*y**3 - y**2 - 4*y + 5. Calculate the remainder when a(r) is divided by 30.
26
Suppose 0*j + 3*j = b + 10, j - 25 = -4*b. Suppose z + 4 = b*z. Let a = -22 - -26. What is the remainder when a is divided by z?
0
Let j = -356 - -489. Calculate the remainder when j is divided by 9.
7
Let a(t) = -t**3 + t**2 + 39*t + 9. Let v = 32 - 18. Calculate the remainder when a(-6) is divided by v.
13
Suppose -4*z + 353 = 3*g - 28, -4*g + 475 = 5*z. Suppose 5*r - 4*k - 80 = 2*r, -3*r - 4*k = -40. What is the remainder when z is divided by r?
19
Let m(h) = h**3 - 5*h**2 - 8*h + 12. Let t be m(6). Suppose t = -o - 2*f - 25, -f + 14 = -o - 2. Let x = -10 - o. What is the remainder when 35 is divided by x?
8
Suppose -4*i + 187 = 11. Let j = i - 32. What is the remainder when 23 is divided by j?
11
Suppose 0 = 3*x - 15, -2*x + 4*x + 50 = 4*i. Let h = 14 + i. Calculate the remainder when 54 is divided by h.
25
Let s = 142 - 88. Let r = 4 + s. Calculate the remainder when r is divided by 10.
8
Let l(k) = 11 - k - 9 + 11. Let x be l(13). Suppose x = -2*t + 10 + 20. Calculate the remainder when t is divided by 8.
7
Suppose 3*s - 39 = 2*s. Calculate the remainder when s is divided by (-4)/(32/12)*(-960)/72.
19
Let q = -136 + 137. Suppose u - 44 = 5*l, q + 4 = -l. Suppose 0*v - 5*v + 270 = 0. Calculate the remainder when v is divided by u.
16
Let k = -12 - -27. Let d = -24 + k. Let m = -2 - d. What is the remainder when 19 is divided by m?
5
Let d = -1 - 12. Let h be (-1 - d)*15/(-4). Calculate the remainder when (-2)/8 + h/(-4) is divided by 4.
3
Let k(h) = h**3 + 2*h**2 - 23*h + 5. What is the remainder when k(5) is divided by 7?
2
Suppose -7 = j - 26. Let p be 5 + 19/(-7) + (-30)/105. Suppose -2*h - p = -16. What is the remainder when j is divided by h?
5
Suppose 3*h = h - 160. Let x = h - -97. Calculate the remainder when x is divided by 4/(-14) + 130/14.
8
Let u be 4*(-220)/(-32)*-2. Let o = u - -67. What is the remainder when o is divided by 4?
0
Let k(m) = 1 + 6*m - 4 + m + 0*m. Calculate the remainder when 63 is divided by k(5).
31
Let x = 32 + -12. Suppose 10*t - 20 = x. Calculate the remainder when 22 is divided by t.
2
Suppose 0 = 5*i - 47 - 98. Let g = i + -27. What is the remainder when 27 is divided by 18 + g*(-6)/4?
12
Suppose 5*l - 4 = 4*l. Suppose -d - 63 = -l*d. Suppose -3*s + s + 124 = 0. What is the remainder when s is divided by d?
20
Suppose -550*z + 554*z - 20 = 0. Suppose -53 = -4*a - 5. What is the remainder when a is divided by z?
2
What is the remainder when (-489)/(-5) + ((-27)/15 - -2) is divided by (-7)/(-14)*(-44)/(-2)?
10
Calculate the remainder when 960 is divided by (0 - 2) + (23 - (-14 + 9)).
24
Let y(r) = -13*r - 23. What is the remainder when 140/3 + (-8)/12 is divided by y(-3)?
14
Let n(c) = 6*c**2 + 4*c - 82. What is the remainder when n(12) is divided by 139?
135
Suppose -d + 69 = 4*q, -66 = -4*q - 2*d - 0*d. Let c = -4 + q. Calculate the remainder when c is divided by 4.
2
Let q = 68 - 63. Suppose -4*b + 3*i = -31, -b - q*i = 4*b + 5. Calculate the remainder when 45 is divided by b.
1
Let j = -563 - -588. What is the remainder when 49 is divided by j?
24
Let y = -3 + 9. Suppose -53 - 157 = -5*s. What is the remainder when ((-28)/s)/(-2 - 52/(-27)) is divided by y?
3
Suppose 0*c - 5*w + 91 = c, 0 = 2*c - w - 138. Calculate the remainder when c is divided by 24.
23
Suppose 3*f = 40 + 32. Suppose -3*a + 161 = -5*p, a - 2*p + 3 = 58. Calculate the remainder when a is divided by f.
23
Let r(j) = -14*j - 12 + 36*j + 3. What is the remainder when r(3) is divided by 12?
9
Let v(r) = r**2 - 2*r - 20. What is the remainder when 48 is divided by v(-5)?
3
Suppose 17 = 4*v + 5. Suppose 0 = -b - v*q + 11, 4*b - 128 = 2*q - 42. Calculate the remainder when (12/8 - 2)*(-158 - 0) is divided by b.
19
Suppose -3*u - 54 = -2*d, -7*u = d - 6*u - 27. What is the remainder when 122 is divided by d?
14
Suppose -p = -5*p + 12. Suppose 7*o - 4*o - p*r - 663 = 0, -2*r + 434 = 2*o. Calculate the remainder when o is divided by 20.
19
Let m = -31 + 41. Suppose -2*i + 0 + 6 = 0. What is the remainder when m is divided by i?
1
Suppose 8*q - 3*q = -20. What is the remainder when 3 - ((-10)/(-14) + q/(-14)) is divided by (0 + -2)*(-1)/2?
0
Let u(r) = 30*r**3 + 2*r**2 - r. Let x be u(1). Let c = -16 + 24. Calculate the remainder when (-9 + 5)*x/(-4) is divided by c.
7
Suppose 0 = -2*c + 4*c - 4. What is the remainder when c/12*2 - 352/(-6) is divided by 30?
29
Let s(h) = -3*h - 6. Let p be s(-6). Let d = 20 - p. Calculate the remainder when 39 is divided by d.
7
Suppose -5*h + 2*u = -3 - 7, 0 = -3*h + 5*u - 13. Let b = h + 6. Calculate the remainder when (-303)/(-505) - 374/(-10) is divided by b.
8
Let l = 116 + -112. What is the remainder when 105 is divided by 9/((-81)/(-480)) - l/(-6)?
51
Let l(i) = 3*i - 4*i + 2*i - 1 + 3*i**2. What is the remainder when l(-3) is divided by 9?
5
Suppose -3*t - 70 = 11. Let x(u) = u**2 + u - 15. Let p be x(0). Let o = p - t. Calculate the remainder when o is divided by 5.
2
Suppose 6*l - 606 = 462. What is the remainder when l is divided by 95?
83
Let j(a) = -97*a - 397. What is the remainder when j(-11) is divided by 6?
4
Let n(g) = -38*g + 129. Calculate the remainder when 177 is divided by n(3).
12
Suppose v - 1 = 16. Let q = v - 3. Calculate the remainder when q is divided by 3.
2
Let j = 8 + -2. Calculate the remainder when 1 - 12/(5 + -6) is divided by j.
1
Suppose -8 = 3*q - 29. What is the remainder when ((-8)/12)/(q/((-1197)/6)) is divided by ((-1)/(-2))/((-2)/(-40))?
9
Suppose 0 = -2*o + f - 12, -5*o + 4*f - 22 = 11. Let r = 22 + -8. What is the remainder when r is divided by 6*o*(-2)/15?
2
Let u = 165 + -101. What is the remainder when 258 is divided by u?
2
Let v be 8/(-76) + 5020/38. Suppose 3*h + 29 = f, 4*f - 7*h = -3*h + v. Calculate the remainder when f is divided by -3 - -3 - (-2 + -17).
16
Let f(u) = u**2 + 36. What is the remainder when (-8)/(-40) + (2 - (-1059)/5) is divided by f(0)?
34
Suppose 0 = 4*l + 3*g - 303, -l - 51 + 123 = 2*g. Calculate the remainder when l is divided by 45.
33
What is the remainder when 673 is divided by 4/2*1/((-4)/(-150))?
73
Let d(y) = 12*y - 19. Calculate the remainder when 434 is divided by d(2).
4
Suppose 2*i - 2*m - 4